*3 - 7*p**2 - 9*p - 7. Let o(y) = 7*y**2 - 5*y**3 + 3*y + 7*y + 3*y**3 + 6. Let v(w) = -2*o(w) - 3*u(w). Calculate v(-6).
3
Suppose 0*u = u - 4*l + 18, 2*u = -2*l + 4. Let q(v) = -v**2 - 3*v - 2. Determine q(u).
0
Let o(m) be the first derivative of -m**6/180 + m**5/60 + m**4/24 - m**3/3 + 2. Let y(i) be the third derivative of o(i). What is y(-2)?
-11
Let u(f) = 0*f**2 - f**2 - 8*f - 5 + 2*f. Let b(k) = -7*k**2 + 6*k**2 + 2*k - 3*k + 1. Let x be b(2). Give u(x).
0
Let r(t) = -2*t**2 + t**3 + t**2 - 5*t**2 + 491 - 492. Determine r(6).
-1
Let n(i) = -4*i**3 + 1. Let h(s) = s - 4. Let b be h(5). Suppose -4*y + 5 = b. What is n(y)?
-3
Let l(v) = -v**3 + v**2 + 12. Suppose 35*c = 43*c. Determine l(c).
12
Let y(d) = 3*d**3 - d + 3. Let p(f) = 4*f**3 - 2*f + 3. Let t(q) = 4*p(q) - 5*y(q). Give t(-2).
-5
Suppose -24*t + 6 = -21*t. Let c(g) be the second derivative of 2*g - 1/6*g**3 + 2*g**t + 0. Determine c(3).
1
Let u(t) = 3 - 6*t**2 + 0 + 3*t + 0*t + 5*t**2. Calculate u(3).
3
Suppose 2*z - 5*z + 6 = 0. Let l = z + 1. Suppose -5*y + 4 = -l*y. Let j(c) = 3*c**2 - 3*c. Calculate j(y).
6
Let r(k) = -2*k**2 - 2*k + 1. Suppose -2*v = -0*v - 18. Suppose -4*t - v = -1. Let o = t + 3. What is r(o)?
-3
Let p(h) be the second derivative of -h**5/120 + h**4/4 + h**3/6 - 2*h. Let u(s) be the second derivative of p(s). Give u(-5).
11
Let k = -1 - -4. Suppose -4*r + 5*i - i = -16, 0 = -3*r - k*i + 18. Suppose q = r - 2. Let p(g) = -g**3 + 2*g**2 + 4*g + 1. Determine p(q).
4
Let t(b) = -b**2 - 3*b + 3. Suppose q - 6*q = 30. Determine t(q).
-15
Suppose 5*r = -7*r. Let q(c) = -5*c**2 + 6*c - 6. Let j(b) = -9*b**2 + 11*b - 12. Let g(o) = 6*j(o) - 11*q(o). What is g(r)?
-6
Let v(d) = d - 1. Let o be -5*(-2)/(-6)*-3. What is v(o)?
4
Let o be 580/(-44) - 4/(-22). Let w = o - -11. Let g(c) = c**2 - c + 3 + c**3 - 1 - 1. Give g(w).
-1
Suppose q = 3*q - 4. Suppose 4*y + 11 = -5*t - 2, -q*t - 19 = -3*y. Let w(u) = 4 - 3 + 1 + u**2 - y*u. Calculate w(2).
0
Let r(i) = -i**3 + 2*i**2 - 1. Let o(c) = -c**2 + 18*c - 16. Let x be o(17). Determine r(x).
0
Let s(g) be the first derivative of g - 1/6*g**3 - 1/20*g**5 + 1 + 1/4*g**4 + 0*g**2. Let l(p) be the first derivative of s(p). Give l(2).
2
Let r(o) = o**3 + 3*o**2 + o + 2. Let p be r(-3). Let b(u) = 14*u**2. Let l(a) = -a**2. Let k = 22 - 16. Let q(h) = k*l(h) + b(h). Give q(p).
8
Let a(q) = -q + 1. Let y(l) = -5*l + 10. Let w(k) = 4*a(k) - y(k). Let d be w(6). Suppose d = -2*i - 2. Let h(g) = -2*g + 1. Give h(i).
3
Let b(s) = -3*s**3 - s**2 - 5*s + 1. Let o(r) = -r**3 - 2*r + 1. Let i(l) = 2*b(l) - 5*o(l). Determine i(-3).
6
Let r(x) = 6*x + 1. Let m(d) = -d**3 - 4*d**2 + 2*d - 6. Let n be m(-5). Let i = -10 - -15. Suppose -4*k + k = n, 5*b = -i*k - 20. Determine r(b).
-5
Suppose 5*o - 2*w = -18, 4*w = 2*o - o. Let l(q) = -3*q - 6. Calculate l(o).
6
Let z(y) = 0 - 5 + 5*y - 1. Let g(u) = 5*u - 5. Let k(m) = 6*g(m) - 5*z(m). Suppose 3*p - 2*l - 12 + 1 = 0, -5*l - 19 = p. Give k(p).
5
Let x(k) = -72*k + 2 + 131*k + 2 - 63*k - k**2. Determine x(-5).
-1
Let j = 97 - 95. Let u(k) = -8*k**2 + 4*k - 3. What is u(j)?
-27
Let d be 2/(-2)*(3 - 2). Let q(h) = h**2 - h. Let m be q(d). Let p(g) = -1 - 2*g + 0 - 1. Calculate p(m).
-6
Suppose 49 = -l + 45. Let k(y) = -y**2 - 4*y - 4. Give k(l).
-4
Let c(m) = 5*m**3 - 4*m**2 + 3*m - 12. Let g(p) = 4*p**3 - 3*p**2 + 2*p - 11. Suppose 2*v + 4 = -2. Let y(u) = v*c(u) + 4*g(u). Give y(0).
-8
Let l(q) be the third derivative of -q**4/12 - q**3/3 - 10*q**2. Give l(-2).
2
Let w(t) = 4*t**2 - 6*t - 10. Let d(n) = -7*n**2 + 11*n + 19. Let m(i) = 3*d(i) + 5*w(i). Let u = 12 - 7. Determine m(u).
-3
Let l(u) be the first derivative of u**4/4 - 4*u**3 - 6*u**2 - 18*u + 22. Calculate l(13).
-5
Let r = 15 - 13. Suppose -r*v - 3 = 1. Let z(u) = u**2 + 2*u + 1. Give z(v).
1
Let f be -6*(-2 + 4)/(-6). Let k(q) = 2*q**2 - q - 1. Calculate k(f).
5
Let o(v) = -v**2 + 4*v + 6. Let m be o(5). Let a be (3/2)/((-6)/(-16)). Let g(x) = m - a*x + 1 + 2*x + 7*x. Determine g(-2).
-8
Let w(t) be the second derivative of 0 + 1/6*t**3 - 5*t**2 - 8*t. What is w(5)?
-5
Let u = 2 + 1. Suppose -p - 4 = -3*i + 8, -u*p - 4*i + 3 = 0. Let b(h) = h + 2. Determine b(p).
-1
Let s(x) = -x**2 + 11. Suppose -6*k = -2*k. Give s(k).
11
Let j(v) be the third derivative of v**4/12 - 5*v**3/3 - 9*v**2. What is j(7)?
4
Let j be 3 + 3/((-6)/2). Let g(i) = -9 + 5*i**2 + j*i**3 - 7*i - 3*i**3 + 14 + i**2. Give g(5).
-5
Let f(q) = q**2 - q - 13. Suppose -3*h = -0*h - 9*h. Give f(h).
-13
Let a(d) = -546 + 547 + 2*d - d**2 - 3*d. Calculate a(1).
-1
Suppose 0 = -102*x + 105*x - 6. Let i(j) = -3*j**2 + 4*j - 2. Give i(x).
-6
Let r(x) = 3*x + 1 + x**2 - 3*x. Let j(w) = w**3 - w**2 - w - 1. Let h(o) = -2*o**3 - 2*o**2 - 1. Let g(u) = h(u) - 2*j(u). Let c be g(-1). Calculate r(c).
10
Let y(z) = 2*z**2 + 3*z - 2. Suppose -7*t + 3*t = 4. Let u(v) = v**2 - v + 1. Let s(k) = t*y(k) + 3*u(k). Determine s(6).
5
Let s(q) be the second derivative of q**4/12 + q**3/6 - 5*q**2/2 + 16*q. Suppose -2*m - 4 = 4. What is s(m)?
7
Let q(i) = i**3 - 7*i**2 - 3. Suppose 2*n + 3*s + 1 = -0*n, -16 = -3*n - s. Calculate q(n).
-3
Let q(c) = c**2 - 6*c - 11. Let y(n) = -2*n**2 + 12*n + 21. Let x(l) = -7*q(l) - 4*y(l). Calculate x(7).
0
Let l(s) = 8*s + 1. Let p(o) = o**2 - 4*o - 2. Let i be p(8). Suppose -h + 6 = -5*b, -b - i = -5*h + 3*b. Suppose 0 = z - 5*y + h, -4*y = -5*z - 9*y. Give l(z).
-7
Let l = -5 - -14. Let k(i) = -1 - l*i + 14*i - 4*i. Calculate k(5).
4
Let s(a) = 44*a**2 + 8*a + 4. Let v(g) = 11*g**2 + 2*g + 1. Let u(t) = -2*s(t) + 9*v(t). Suppose -3*d - 10 + 7 = 0. What is u(d)?
10
Let l(t) = 3*t + 10. Let s(n) = -7*n - 20. Let w(c) = 5*l(c) + 2*s(c). Determine w(-8).
2
Let w be ((-4)/3)/((-4)/(-18)). Let l = w + 8. Let g(q) = -5 - 2*q**l - q**3 + 1 + 7*q**2. Calculate g(5).
-4
Let u(z) be the second derivative of -z**4/12 - 2*z**3 - 4*z. Let d be u(-12). Let x(t) = 4 + t**2 - 3*t**3 + 2 + t + 4*t**3. Determine x(d).
6
Let p(z) be the second derivative of -z**3/3 - 22*z. Calculate p(2).
-4
Let i = 7 - 4. Let n(q) be the third derivative of -q**4/24 + 2*q**3/3 + 15*q**2. Give n(i).
1
Let a(n) be the third derivative of 1/12*n**4 + 0*n + 0 - 7*n**2 + 1/6*n**3. Calculate a(-3).
-5
Let g(c) = -6*c**2 - c + 5. Let i(r) = -5*r**2 - r + 4. Let o(a) = 3*g(a) - 4*i(a). What is o(1)?
2
Let w(l) = l**2 + 7*l + 6. Let o be 1404/(-243) - 2/9. Give w(o).
0
Let n be (18/21)/((-5)/(-140)). Suppose -k = 3*f + 5, -4*k = -7*k + 4*f + n. Let q(r) = r**2 - 6*r + 3. What is q(k)?
-5
Let b(d) be the first derivative of d**2/2 + 4*d - 14. Calculate b(-6).
-2
Let h(v) = v**2 - 10*v + 2. Let p be h(10). Let c(a) = -p*a - a**3 - 3*a - 3 + 5*a**2 + 0 + 10. Calculate c(5).
-18
Let m(g) = 6*g + 14. Let i be m(-4). Let k(x) = x**2 + 10*x + 6. Calculate k(i).
6
Suppose 0*s = 4*s + 12. Let v(n) = 1 - 5 + 18*n - 20*n. What is v(s)?
2
Suppose 10*o - 61 = -1. Let i(a) = -a**2 + 7*a + 2. Calculate i(o).
8
Let b be 2/(-3)*9/(-2). Let a(r) = -2*r**b - 4*r**2 + 1 - 2*r + 4*r**2 + 3*r**3 - 4*r**2. Calculate a(5).
16
Let o = -1 + -2. Let u(x) = 2*x - 2. Let y(k) = -2*k + 2. Let z(q) = o*y(q) - 2*u(q). Let a(p) = -p - 7. Let f be a(-10). What is z(f)?
4
Suppose 60 = 4*w - 0*w. Suppose b = 4*b - w. Let h(i) = -i**3 + 6*i**2 + 6*i - 5. Let o(x) = x**2 + x - 1. Let j(c) = h(c) - 2*o(c). What is j(b)?
-8
Let p(n) = n + 24 - 50 + 21. Give p(-7).
-12
Let i(v) = -v**2 + 2*v + 1. Let b = 12 - 7. Suppose g - s = s - 7, -b*g - s = -20. Determine i(g).
-2
Let q(w) = 3*w - 1. Let f(a) be the second derivative of -7*a**3/6 + a**2 - 5*a. Let i(s) = -4*f(s) - 9*q(s). Give i(4).
5
Let g(h) = -h**2 + 5*h + 8. Let d be g(7). Let z be ((-4)/d)/(4/54). Suppose -15 = 4*t - z*t. Let p(l) = 2*l + 2. Give p(t).
8
Let x(q) be the third derivative of -q**5/60 + q**4/12 + q**3 - 24*q**2. Give x(5).
-9
Let o be (2 - 0)/(4/(-10)). Let f be (2 - 1)*10/5. Let g(p) = -p - f + 1 - 2. Determine g(o).
2
Suppose w = -2 + 5. Suppose -18 = w*z - 0*z - n, -z - 4*n - 6 = 0. Let t(r) = -r - 7. What is t(z)?
-1
Let g(j) = -j - 2. Let f(s) = 1. Let k(i) = 7*f(i) + 3*g(i). Determine k(-2).
7
Let j(y) = y - 3. Let a be j(5). Let h be a - 1*(2 + -3). Let i(t) = t**3 - 3*t**2 - 2*t + 1. What is i(h)?
-5
Let c(z) be the second derivative of z**3/2